{"id":153,"date":"2024-04-16T02:36:57","date_gmt":"2024-04-16T02:36:57","guid":{"rendered":"https:\/\/demo.bravisthemes.com\/herrington\/?page_id=153"},"modified":"2025-07-07T16:11:09","modified_gmt":"2025-07-07T16:11:09","slug":"haberler","status":"publish","type":"page","link":"https:\/\/dmckalip.com\/english\/haberler","title":{"rendered":"News"},"content":{"rendered":"\t\t<div data-elementor-type=\"wp-page\" data-elementor-id=\"153\" class=\"elementor elementor-153\">\n\t\t\t\t        <section class=\"elementor-section elementor-top-section elementor-element elementor-element-a69af80 elementor-section-stretched elementor-section-full_width elementor-section-height-default elementor-section-height-default pxl-row-scroll-none pxl-zoom-point-false pxl-section-overflow-visible pxl-full-content-with-space-none\" data-id=\"a69af80\" data-element_type=\"section\" data-settings=\"{&quot;stretch_section&quot;:&quot;section-stretched&quot;}\">\n\n                \n                <div class=\"elementor-container elementor-column-gap-extended \">\n                <div class=\"elementor-column elementor-col-100 elementor-top-column elementor-element elementor-element-f639176 pxl-column-none pxl-column-overflow-hidden-no\" data-id=\"f639176\" data-element_type=\"column\">\r\n        <div class=\"elementor-widget-wrap elementor-element-populated\">\r\n                     \r\n                <section class=\"elementor-section elementor-inner-section elementor-element elementor-element-7d23a05 elementor-section-content-middle elementor-section-boxed elementor-section-height-default elementor-section-height-default pxl-row-scroll-none pxl-zoom-point-false pxl-section-overflow-visible\" data-id=\"7d23a05\" data-element_type=\"section\" data-settings=\"{&quot;background_background&quot;:&quot;classic&quot;}\">\n\n                \n                <div class=\"elementor-container elementor-column-gap-extended \">\n                <div class=\"elementor-column elementor-col-50 elementor-inner-column elementor-element elementor-element-2913b54 pxl-column-none pxl-column-overflow-hidden-no\" data-id=\"2913b54\" data-element_type=\"column\">\r\n        <div class=\"elementor-widget-wrap elementor-element-populated\">\r\n                     \r\n        \t\t<div class=\"elementor-element elementor-element-72f6ea4 elementor-widget elementor-widget-pxl_icon_box\" data-id=\"72f6ea4\" data-element_type=\"widget\" data-widget_type=\"pxl_icon_box.default\">\n\t\t\t\t<div class=\"elementor-widget-container\">\n\t\t\t\t\t<div class=\"pxl-icon-box pxl-icon-box1 style-2 ani3 \" data-wow-delay=\"ms\">\r\n    <div class=\"pxl-item--inner\">\r\n        \r\n                            <div class=\"pxl-item--icon\">\r\n                                    <svg xmlns=\"http:\/\/www.w3.org\/2000\/svg\" fill=\"none\" height=\"512\" viewBox=\"0 0 128 128\" width=\"512\"><path clip-rule=\"evenodd\" d=\"m69.2675 16.5387 1.9692 1.4613h21.7633c2.2091 0 4 1.7909 4 4v15.1195l13.768 10.2172c2.033 1.5091 3.232 3.8919 3.232 6.4242v48.2401c0 4.418-3.582 8-8 8h-83c-4.4183 0-8-3.582-8-8v-48.2401c0-2.5323 1.1989-4.9151 3.2325-6.4242l13.7675-10.2172v-15.1195c0-2.2091 1.7909-4 4-4h21.7633l1.9692-1.4613c2.8311-2.1011 6.7039-2.1011 9.535 0zm23.6471 46.5736c.0557-.1259.0854-.2634.0854-.4043v-40.708h-57v41.8466l-8.6992-7.3651c-.8386-.7188-2.1012-.6217-2.8201.2169-.7188.8387-.6217 2.1013.217 2.8201l7.9912 6.8496c.2089.3081.4619.5885.7543.8315l7.0104 5.824 4.3803 3.7546c-.0346.0302-.0684.0617-.1014.0947l-20.5373 20.5373c-.7811.7811-.7811 2.0474 0 2.8288.781.781 2.0473.781 2.8284 0l20.5373-20.5377c.1075-.1074.2002-.2241.2781-.3474l1.4863 1.274c1.0696.9169 2.2021 1.7197 3.3819 2.4086 6.7969 4.4803 15.5748 4.6 22.4704.3939 1.5308-.823 2.9886-1.8317 4.3406-3.0256l1.3281-1.1728c.0904.1686.2068.327.3491.4693l20.5376 20.5377c.781.781 2.047.781 2.828 0 .781-.7814.781-2.0477 0-2.8288l-20.5372-20.5373c-.0813-.0813-.1679-.1542-.2587-.2186l20.5579-18.1552c.828-.7311.907-1.995.175-2.823-.731-.8279-1.995-.9063-2.823-.1752z\" fill=\"rgb(0,0,0)\" fill-rule=\"evenodd\"><\/path><\/svg>                                <\/div>\r\n                        <div class=\"pxl-item--meta\">\r\n            <h5 class=\"pxl-item--title el-empty\">\r\n                        Subscribe to the Newsletter                        <\/h5>\r\n            <div class=\"pxl-item--description el-empty\">Please sign up to stay updated with our latest news and events. We promise not to fill your inbox with spam.<\/div>\r\n        <\/div>\r\n    <\/div>\r\n<\/div>\t\t\t\t<\/div>\n\t\t\t\t<\/div>\n\t\t            <\/div>\r\n        <\/div>\r\n                <div class=\"elementor-column elementor-col-50 elementor-inner-column elementor-element elementor-element-2e8a44e pxl-column-none pxl-column-overflow-hidden-no\" data-id=\"2e8a44e\" data-element_type=\"column\">\r\n        <div class=\"elementor-widget-wrap elementor-element-populated\">\r\n                     \r\n        \t\t<div class=\"elementor-element elementor-element-ab6a8fe elementor-widget__width-initial elementor-widget-mobile__width-inherit elementor-widget elementor-widget-pxl_contact_form\" data-id=\"ab6a8fe\" data-element_type=\"widget\" data-widget_type=\"pxl_contact_form.default\">\n\t\t\t\t<div class=\"elementor-widget-container\">\n\t\t\t\t\t    <div class=\"pxl-contact-form pxl-contact-form1 btn-w-auto \" data-wow-delay=\"ms\">\r\n        \n<div class=\"wpcf7 no-js\" id=\"wpcf7-f5-o1\" lang=\"en-US\" dir=\"ltr\" data-wpcf7-id=\"5\">\n<div class=\"screen-reader-response\"><p role=\"status\" aria-live=\"polite\" aria-atomic=\"true\"><\/p> <ul><\/ul><\/div>\n<form action=\"\/english\/wp-json\/wp\/v2\/pages\/153#wpcf7-f5-o1\" method=\"post\" class=\"wpcf7-form init cf7mls-no-scroll cf7mls-auto-return-first-step cf7mls-no-moving-animation\" aria-label=\"Contact form\" novalidate=\"novalidate\" data-status=\"init\">\n<div style=\"display: none;\">\n<input type=\"hidden\" name=\"_wpcf7\" value=\"5\" \/>\n<input type=\"hidden\" name=\"_wpcf7_version\" value=\"6.0.6\" \/>\n<input type=\"hidden\" name=\"_wpcf7_locale\" value=\"en_US\" \/>\n<input type=\"hidden\" name=\"_wpcf7_unit_tag\" value=\"wpcf7-f5-o1\" \/>\n<input type=\"hidden\" name=\"_wpcf7_container_post\" value=\"0\" \/>\n<input type=\"hidden\" name=\"_wpcf7_posted_data_hash\" value=\"\" \/>\n<\/div>\n<div class=\"uacf7-form-5  \"><div class=\"wrap-ctf1\">\n    <div class=\"input-filled\">\n        <span class=\"wpcf7-form-control-wrap your-email\"><span class=\"wpcf7-form-control-wrap\" data-name=\"your-email\"><input size=\"40\" maxlength=\"400\" class=\"wpcf7-form-control wpcf7-text wpcf7-validates-as-required\" aria-required=\"true\" aria-invalid=\"false\" placeholder=\"Don\u2019t miss our latest news...\" value=\"\" type=\"text\" name=\"your-email\" \/><\/span><button type=\"submit\" class=\"wpcf7-submit wpcf7-btn-abs\" ><svg xmlns=\"http:\/\/www.w3.org\/2000\/svg\" fill=\"none\" height=\"24\" viewBox=\"0 0 24 24\" width=\"24\"><path d=\"m19.71 12.71-6 6c-.0932.0932-.2039.1672-.3258.2177-.1218.0504-.2523.0764-.3842.0764s-.2624-.026-.3842-.0764c-.1219-.0505-.2326-.1245-.3258-.2177s-.1672-.2039-.2177-.3257c-.0504-.1219-.0764-.2524-.0764-.3843s.026-.2624.0764-.3842c.0505-.1219.1245-.2326.2177-.3258l4.3-4.29h-11.59c-.26522 0-.51957-.1054-.70711-.2929-.18753-.1875-.29289-.4419-.29289-.7071s.10536-.5196.29289-.7071c.18754-.1875.44189-.2929.70711-.2929h11.59l-4.3-4.29c-.1883-.1883-.2941-.4437-.2941-.71s.1058-.52169.2941-.71c.1883-.1883.4437-.29409.71-.29409s.5217.10579.71.29409l6 6c.0937.093.1681.2036.2189.3254.0508.1219.0769.2526.0769.3846s-.0261.2627-.0769.3846c-.0508.1218-.1252.2324-.2189.3254z\" fill=\"#ffffff\"><\/path><\/svg><\/button><\/span>\n        <\/div>  \n    <\/div><\/div><div class=\"wpcf7-response-output\" aria-hidden=\"true\"><\/div>\n<\/form>\n<\/div>\n    <\/div>\r\n\t\t\t\t<\/div>\n\t\t\t\t<\/div>\n\t\t            <\/div>\r\n        <\/div>\r\n        \t\t\t<\/div>\n\t\t<\/section>\n\t\t            <\/div>\r\n        <\/div>\r\n        \t\t\t<\/div>\n\t\t<\/section>\n\t\t        <section class=\"elementor-section elementor-top-section elementor-element elementor-element-cc5f345 elementor-section-stretched elementor-section-boxed elementor-section-height-default elementor-section-height-default pxl-row-scroll-none pxl-zoom-point-false pxl-section-overflow-visible\" data-id=\"cc5f345\" data-element_type=\"section\" data-settings=\"{&quot;stretch_section&quot;:&quot;section-stretched&quot;}\">\n\n                \n                <div class=\"elementor-container elementor-column-gap-extended \">\n                <div class=\"elementor-column elementor-col-100 elementor-top-column elementor-element elementor-element-8c182b6 pxl-column-none pxl-column-overflow-hidden-no\" data-id=\"8c182b6\" data-element_type=\"column\">\r\n        <div class=\"elementor-widget-wrap elementor-element-populated\">\r\n                     \r\n        \t\t<div class=\"elementor-element elementor-element-23cbba4 post-layout-post-list-1 elementor-widget elementor-widget-pxl_post_list\" data-id=\"23cbba4\" data-element_type=\"widget\" data-widget_type=\"pxl_post_list.default\">\n\t\t\t\t<div class=\"elementor-widget-container\">\n\t\t\t\t\t\r\n<div id=\"pxl_post_list-23cbba4-3748\" class=\"pxl-grid pxl-post-list layout-post-list-1\" data-layout-mode=\"fitRows\" data-start-page=\"1\" data-max-pages=\"1\" data-total=\"2\" data-perpage=\"6\" data-next-link=\"\" data-loadmore=\"{&quot;tax&quot;:[&quot;category&quot;],&quot;post_type&quot;:&quot;post&quot;,&quot;layout&quot;:&quot;post-list-1&quot;,&quot;select_post_by&quot;:&quot;term_selected&quot;,&quot;layout_mode&quot;:&quot;fitRows&quot;,&quot;startPage&quot;:1,&quot;maxPages&quot;:1,&quot;total&quot;:2,&quot;perpage&quot;:&quot;6&quot;,&quot;nextLink&quot;:&quot;&quot;,&quot;source&quot;:&quot;&quot;,&quot;post_ids&quot;:[],&quot;orderby&quot;:&quot;date&quot;,&quot;order&quot;:&quot;desc&quot;,&quot;limit&quot;:&quot;6&quot;,&quot;item_animation&quot;:&quot;&quot;,&quot;item_animation_duration&quot;:&quot;normal&quot;,&quot;item_animation_delay&quot;:&quot;150&quot;,&quot;img_size&quot;:&quot;900x800&quot;,&quot;show_date&quot;:&quot;true&quot;,&quot;show_author&quot;:&quot;&quot;,&quot;show_category&quot;:&quot;true&quot;,&quot;show_comment&quot;:&quot;&quot;,&quot;show_excerpt&quot;:&quot;true&quot;,&quot;num_words&quot;:40,&quot;show_readmore&quot;:&quot;true&quot;,&quot;readmore_text&quot;:&quot;Devam\\u0131n\\u0131 G\\u00f6ster&quot;,&quot;post_share&quot;:&quot;true&quot;,&quot;pagination_type&quot;:&quot;pagination&quot;,&quot;show_toolbar&quot;:&quot;hide&quot;,&quot;wg_type&quot;:&quot;post-list&quot;}\">\r\n        <div class=\"pxl-list-inner d-flex-wrap relative\"> \r\n                <div class=\"list-item w-100 format-standard \" >\n            <div class=\"grid-item-inner item-inner-wrap row  format-standard\">\n                                <div class=\"item-featured col-lg-5\">\n                    <div class=\"post-image scale-hover\">\n                        <img fetchpriority=\"high\" decoding=\"async\" class=\"no-lazyload \" src=\"https:\/\/dmckalip.com\/english\/wp-content\/uploads\/2025\/05\/taslama-mont3.112-900x800.jpg\" width=\"900\" height=\"800\" alt=\"taslama-mont3.112\" title=\"taslama-mont3.112\" \/>       \n                        \n                                                                            <div class=\"post-date\">\n                                <span class=\"day\">17<\/span>\n                                <span class=\"month\">Kas<\/span>\n                            <\/div>\n                                            <\/div> \n                <\/div>\n                                        <div class=\"wrap-item-content col-lg-7\">\n                <div class=\"item-content\">\n                                            <div class=\"item-post-metas\">\n                            <div class=\"meta-inner d-flex-wrap align-items-center\">\n                                                                                                    <span class=\"meta-item post-category  d-flex\">\n                                        <span class=\"icon-post\"><i class=\"flaticon-tag\"><\/i><\/span>\n                                        <span><a href=\"https:\/\/dmckalip.com\/english\/category\/haberler\" rel=\"tag\">Haberler<\/a><\/span>\n                                    <\/span>   \n                                <\/span>\n                                                                                <\/div>\n                    <\/div>\n                                    <h3 class=\"item-title\"><a href=\"https:\/\/dmckalip.com\/english\/tuna-cnc-faaliyetlerine-basladi.html\">Tuna CNC Has Started Operations<\/a><\/h3>\n                                    <div class=\"item-excerpt\">\n                        User-focused, clear, and comprehensive: TUNACNC 600. Our specially designed, patented, and TSE-certified Tuna CNC Grinding Machine\u2014produced for the first time in Turkey\u2014has been manufactured, and serial production has started. Very soon, all technical details will be available on our new&hellip;                    <\/div>\n                                                    <div class=\"blog-post-footer  align-items-center justify-content-between\">\n                                                    <div class=\"post-readmore \">\n                                <a class=\"btn btn-glossy\" href=\"https:\/\/dmckalip.com\/english\/tuna-cnc-faaliyetlerine-basladi.html\">\n                                    <span class=\"pxl-button-text\">Devam\u0131n\u0131 G\u00f6ster<\/span>\n                                <\/a>\n                            <\/div>\n                                                                            <div class=\"post-shares\">\n                                <span class=\"label\">\n                                    <i class=\"fas fa-share-alt\"><\/i>\n                                    Share                                <\/span>\n                                <div class=\"social-share\">\n                                    <div class=\"social \">\n                                        <a class=\"pxl-icon icon-facebook fab fa-facebook\" title=\"Facebook\" target=\"_blank\" href=\"https:\/\/www.facebook.com\/sharer\/sharer.php?u=https%3A%2F%2Fdmckalip.com%2Fenglish%2Ftuna-cnc-faaliyetlerine-basladi.html\"><\/a>\n                                        <a class=\"pxl-icon icon-twitter fab fa-twitter\" title=\"Twitter\" target=\"_blank\" href=\"https:\/\/twitter.com\/intent\/tweet?original_referer=https:\/\/dmckalip.com\/english\/&url=https%3A%2F%2Fdmckalip.com%2Fenglish%2Ftuna-cnc-faaliyetlerine-basladi.html&text=Tuna CNC Has Started Operations%20\"><\/a>\n                                        <a class=\"pxl-icon icon-linkedin fab fa-linkedin-in\" title=\"Linkedin\" target=\"_blank\" href=\"https:\/\/www.linkedin.com\/cws\/share?url=https%3A%2F%2Fdmckalip.com%2Fenglish%2Ftuna-cnc-faaliyetlerine-basladi.html\"><\/a>\n                                        <a href=\"javascript:void(0);\" class=\"skype-share pxl-icon fab fa-skype\" data-href=\"https%3A%2F%2Fdmckalip.com%2Fenglish%2Ftuna-cnc-faaliyetlerine-basladi.html\" data-lang=\"en-US\" data-text=\"Tuna CNC Has Started Operations\"><\/a> \n                                    <\/div>\n                                <\/div>\n\n                            <\/div>\n                                            <\/div>\n                            <\/div>\n        <\/div>\n        <\/div>\n<\/div>\n        <div class=\"list-item w-100 format-standard \" >\n            <div class=\"grid-item-inner item-inner-wrap row  format-standard\">\n                                <div class=\"item-featured col-lg-5\">\n                    <div class=\"post-image scale-hover\">\n                        <img decoding=\"async\" class=\"no-lazyload \" src=\"https:\/\/dmckalip.com\/english\/wp-content\/uploads\/2025\/05\/DMC-Kalip-Almanya-Hanover-Euroblech-Fuari.webp\" width=\"795\" height=\"143\" alt=\"DMC-Kalip-Almanya-Hanover-Euroblech-Fuari\" title=\"DMC-Kalip-Almanya-Hanover-Euroblech-Fuari\" \/>       \n                        \n                                                                            <div class=\"post-date\">\n                                <span class=\"day\">15<\/span>\n                                <span class=\"month\">Kas<\/span>\n                            <\/div>\n                                            <\/div> \n                <\/div>\n                                        <div class=\"wrap-item-content col-lg-7\">\n                <div class=\"item-content\">\n                                            <div class=\"item-post-metas\">\n                            <div class=\"meta-inner d-flex-wrap align-items-center\">\n                                                                                                    <span class=\"meta-item post-category  d-flex\">\n                                        <span class=\"icon-post\"><i class=\"flaticon-tag\"><\/i><\/span>\n                                        <span><a href=\"https:\/\/dmckalip.com\/english\/category\/haberler\" rel=\"tag\">Haberler<\/a><\/span>\n                                    <\/span>   \n                                <\/span>\n                                                                                <\/div>\n                    <\/div>\n                                    <h3 class=\"item-title\"><a href=\"https:\/\/dmckalip.com\/english\/almanya-hanover-euroblech-fuari.html\">Germany Hanover \u2013 EuroBLECH Fair<\/a><\/h3>\n                                    <div class=\"item-excerpt\">\n                        All leading companies in the industry showcased their products and innovations at the world\u2019s leading sheet metal processing technology fair. Our booth was featured at the EuroBLECH trade fair held in Hanover, Germany, from October 25 to 28, 2022.                    <\/div>\n                                                    <div class=\"blog-post-footer  align-items-center justify-content-between\">\n                                                    <div class=\"post-readmore \">\n                                <a class=\"btn btn-glossy\" href=\"https:\/\/dmckalip.com\/english\/almanya-hanover-euroblech-fuari.html\">\n                                    <span class=\"pxl-button-text\">Devam\u0131n\u0131 G\u00f6ster<\/span>\n                                <\/a>\n                            <\/div>\n                                                                            <div class=\"post-shares\">\n                                <span class=\"label\">\n                                    <i class=\"fas fa-share-alt\"><\/i>\n                                    Share                                <\/span>\n                                <div class=\"social-share\">\n                                    <div class=\"social \">\n                                        <a class=\"pxl-icon icon-facebook fab fa-facebook\" title=\"Facebook\" target=\"_blank\" href=\"https:\/\/www.facebook.com\/sharer\/sharer.php?u=https%3A%2F%2Fdmckalip.com%2Fenglish%2Falmanya-hanover-euroblech-fuari.html\"><\/a>\n                                        <a class=\"pxl-icon icon-twitter fab fa-twitter\" title=\"Twitter\" target=\"_blank\" href=\"https:\/\/twitter.com\/intent\/tweet?original_referer=https:\/\/dmckalip.com\/english\/&url=https%3A%2F%2Fdmckalip.com%2Fenglish%2Falmanya-hanover-euroblech-fuari.html&text=Germany Hanover \u2013 EuroBLECH Fair%20\"><\/a>\n                                        <a class=\"pxl-icon icon-linkedin fab fa-linkedin-in\" title=\"Linkedin\" target=\"_blank\" href=\"https:\/\/www.linkedin.com\/cws\/share?url=https%3A%2F%2Fdmckalip.com%2Fenglish%2Falmanya-hanover-euroblech-fuari.html\"><\/a>\n                                        <a href=\"javascript:void(0);\" class=\"skype-share pxl-icon fab fa-skype\" data-href=\"https%3A%2F%2Fdmckalip.com%2Fenglish%2Falmanya-hanover-euroblech-fuari.html\" data-lang=\"en-US\" data-text=\"Germany Hanover \u2013 EuroBLECH Fair\"><\/a> \n                                    <\/div>\n                                <\/div>\n\n                            <\/div>\n                                            <\/div>\n                            <\/div>\n        <\/div>\n        <\/div>\n<\/div>\n    <\/div>\r\n     \r\n            <div class=\"pxl-grid-pagination pagin-post\">\r\n                    <\/div>\r\n        <\/div>\t\t\t\t<\/div>\n\t\t\t\t<\/div>\n\t\t            <\/div>\r\n        <\/div>\r\n        \t\t\t<\/div>\n\t\t<\/section>\n\t\t\t\t<\/div>\n\t\t","protected":false},"excerpt":{"rendered":"<p>Subscribe to the Newsletter Please sign up to stay updated with our latest news and events. We promise not to fill your inbox with spam. 17 Kas Haberler Tuna CNC Faaliyetlerine Ba\u015flad\u0131 B\u00fcltene Abone Ol L\u00fctfen en son haberlerimizi ve etkinliklerimizi takip etmek i\u00e7in kaydolun, gelen kutunuzu spam ile doldurmayaca\u011f\u0131m\u0131za s\u00f6z veriyoruz. 17 Kas Haberler [&hellip;]<\/p>\n","protected":false},"author":1,"featured_media":0,"parent":0,"menu_order":0,"comment_status":"closed","ping_status":"closed","template":"","meta":{"footnotes":""},"class_list":["post-153","page","type-page","status-publish","hentry"],"_links":{"self":[{"href":"https:\/\/dmckalip.com\/english\/wp-json\/wp\/v2\/pages\/153","targetHints":{"allow":["GET"]}}],"collection":[{"href":"https:\/\/dmckalip.com\/english\/wp-json\/wp\/v2\/pages"}],"about":[{"href":"https:\/\/dmckalip.com\/english\/wp-json\/wp\/v2\/types\/page"}],"author":[{"embeddable":true,"href":"https:\/\/dmckalip.com\/english\/wp-json\/wp\/v2\/users\/1"}],"replies":[{"embeddable":true,"href":"https:\/\/dmckalip.com\/english\/wp-json\/wp\/v2\/comments?post=153"}],"version-history":[{"count":26,"href":"https:\/\/dmckalip.com\/english\/wp-json\/wp\/v2\/pages\/153\/revisions"}],"predecessor-version":[{"id":17724,"href":"https:\/\/dmckalip.com\/english\/wp-json\/wp\/v2\/pages\/153\/revisions\/17724"}],"wp:attachment":[{"href":"https:\/\/dmckalip.com\/english\/wp-json\/wp\/v2\/media?parent=153"}],"curies":[{"name":"wp","href":"https:\/\/api.w.org\/{rel}","templated":true}]}}